{"id":312,"date":"2025-09-25T09:52:59","date_gmt":"2025-09-25T15:52:59","guid":{"rendered":"https:\/\/femexcaballobailador.com\/?page_id=312"},"modified":"2025-09-25T09:56:56","modified_gmt":"2025-09-25T15:56:56","slug":"terminos-de-uso","status":"publish","type":"page","link":"https:\/\/femexcaballobailador.com\/index.php\/terminos-de-uso\/","title":{"rendered":"T\u00e9rminos de Uso"},"content":{"rendered":"\t\t<div data-elementor-type=\"wp-page\" data-elementor-id=\"312\" class=\"elementor elementor-312\" data-elementor-post-type=\"page\">\n\t\t\t\t<div class=\"elementor-element elementor-element-49837b7 e-flex e-con-boxed e-con e-parent\" data-id=\"49837b7\" data-element_type=\"container\" data-settings=\"{&quot;jet_parallax_layout_list&quot;:[]}\">\n\t\t\t\t\t<div class=\"e-con-inner\">\n\t\t<div class=\"elementor-element elementor-element-b8b2ad2 e-con-full e-flex e-con e-child\" data-id=\"b8b2ad2\" data-element_type=\"container\" data-settings=\"{&quot;jet_parallax_layout_list&quot;:[]}\">\n\t\t\t\t<div class=\"elementor-element elementor-element-341a7d1 elementor-widget elementor-widget-heading\" data-id=\"341a7d1\" data-element_type=\"widget\" data-widget_type=\"heading.default\">\n\t\t\t\t\t<h1 class=\"elementor-heading-title elementor-size-default\">T\u00e9rminos de Uso<\/h1>\t\t\t\t<\/div>\n\t\t\t\t<\/div>\n\t\t<div class=\"elementor-element elementor-element-cf0be62 e-con-full e-flex e-con e-child\" data-id=\"cf0be62\" data-element_type=\"container\" data-settings=\"{&quot;jet_parallax_layout_list&quot;:[]}\">\n\t\t\t\t<div class=\"elementor-element elementor-element-a7f11fa elementor-widget-divider--view-line elementor-widget elementor-widget-divider\" data-id=\"a7f11fa\" data-element_type=\"widget\" data-widget_type=\"divider.default\">\n\t\t\t\t\t\t\t<div class=\"elementor-divider\">\n\t\t\t<span class=\"elementor-divider-separator\">\n\t\t\t\t\t\t<\/span>\n\t\t<\/div>\n\t\t\t\t\t\t<\/div>\n\t\t\t\t<\/div>\n\t\t\t\t\t<\/div>\n\t\t\t\t<\/div>\n\t\t<div class=\"elementor-element elementor-element-425341e e-flex e-con-boxed e-con e-parent\" data-id=\"425341e\" data-element_type=\"container\" data-settings=\"{&quot;jet_parallax_layout_list&quot;:[]}\">\n\t\t\t\t\t<div class=\"e-con-inner\">\n\t\t\t\t<div class=\"elementor-element elementor-element-60c6b45 elementor-widget elementor-widget-text-editor\" data-id=\"60c6b45\" data-element_type=\"widget\" data-widget_type=\"text-editor.default\">\n\t\t\t\t\t\t\t\t\t<p data-start=\"1639\" data-end=\"1776\"><strong data-start=\"1639\" data-end=\"1656\">1. Aceptaci\u00f3n<\/strong><br data-start=\"1656\" data-end=\"1659\" \/>Al acceder a este sitio web, usted acepta estos T\u00e9rminos de Uso y se compromete a cumplir la legislaci\u00f3n aplicable.<\/p><p data-start=\"1778\" data-end=\"2037\"><strong data-start=\"1778\" data-end=\"1806\">2. Propiedad intelectual<\/strong><br data-start=\"1806\" data-end=\"1809\" \/>Todos los contenidos, textos, im\u00e1genes, logotipos y material gr\u00e1fico son propiedad de la <strong data-start=\"1898\" data-end=\"1906\">FMCB<\/strong> o se utilizan con autorizaci\u00f3n. Queda prohibida su reproducci\u00f3n o uso con fines comerciales sin autorizaci\u00f3n previa por escrito.<\/p><p data-start=\"2039\" data-end=\"2200\"><strong data-start=\"2039\" data-end=\"2059\">3. Uso del sitio<\/strong><br data-start=\"2059\" data-end=\"2062\" \/>Usted se compromete a utilizar el sitio \u00fanicamente para fines l\u00edcitos, a no intentar vulnerar su seguridad ni alterar su funcionamiento.<\/p><p data-start=\"2202\" data-end=\"2382\"><strong data-start=\"2202\" data-end=\"2227\">4. Enlaces a terceros<\/strong><br data-start=\"2227\" data-end=\"2230\" \/>Este sitio puede contener enlaces a p\u00e1ginas externas. La FMCB no se hace responsable del contenido ni de las pol\u00edticas de privacidad de dichos sitios.<\/p><p data-start=\"2384\" data-end=\"2537\"><strong data-start=\"2384\" data-end=\"2405\">5. Modificaciones<\/strong><br data-start=\"2405\" data-end=\"2408\" \/>La FMCB puede actualizar estos T\u00e9rminos de Uso en cualquier momento. Las versiones vigentes estar\u00e1n disponibles en esta p\u00e1gina.<\/p>\t\t\t\t\t\t\t\t<\/div>\n\t\t\t\t\t<\/div>\n\t\t\t\t<\/div>\n\t\t\t\t<\/div>\n\t\t","protected":false},"excerpt":{"rendered":"<p>T\u00e9rminos de Uso 1. Aceptaci\u00f3nAl acceder a este sitio web, usted acepta estos T\u00e9rminos de Uso y se compromete a cumplir la legislaci\u00f3n aplicable. 2. Propiedad intelectualTodos los contenidos, textos, [&hellip;]<\/p>\n","protected":false},"author":1,"featured_media":0,"parent":0,"menu_order":0,"comment_status":"closed","ping_status":"closed","template":"elementor_header_footer","meta":{"_joinchat":[],"footnotes":""},"class_list":["post-312","page","type-page","status-publish","hentry"],"yoast_head":"<!-- This site is optimized with the Yoast SEO plugin v26.3 - https:\/\/yoast.com\/wordpress\/plugins\/seo\/ -->\n<title>T\u00e9rminos de Uso - Federaci\u00f3n Mexicana del Caballo Bailador<\/title>\n<meta name=\"robots\" content=\"index, follow, max-snippet:-1, max-image-preview:large, max-video-preview:-1\" \/>\n<link rel=\"canonical\" href=\"https:\/\/femexcaballobailador.com\/index.php\/terminos-de-uso\/\" \/>\n<meta property=\"og:locale\" content=\"es_MX\" \/>\n<meta property=\"og:type\" content=\"article\" \/>\n<meta property=\"og:title\" content=\"T\u00e9rminos de Uso - Federaci\u00f3n Mexicana del Caballo Bailador\" \/>\n<meta property=\"og:description\" content=\"T\u00e9rminos de Uso 1. Aceptaci\u00f3nAl acceder a este sitio web, usted acepta estos T\u00e9rminos de Uso y se compromete a cumplir la legislaci\u00f3n aplicable. 2. Propiedad intelectualTodos los contenidos, textos, [&hellip;]\" \/>\n<meta property=\"og:url\" content=\"https:\/\/femexcaballobailador.com\/index.php\/terminos-de-uso\/\" \/>\n<meta property=\"og:site_name\" content=\"Federaci\u00f3n Mexicana del Caballo Bailador\" \/>\n<meta property=\"article:modified_time\" content=\"2025-09-25T15:56:56+00:00\" \/>\n<meta name=\"twitter:card\" content=\"summary_large_image\" \/>\n<meta name=\"twitter:label1\" content=\"Tiempo de lectura\" \/>\n\t<meta name=\"twitter:data1\" content=\"1 minuto\" \/>\n<script type=\"application\/ld+json\" class=\"yoast-schema-graph\">{\"@context\":\"https:\/\/schema.org\",\"@graph\":[{\"@type\":\"WebPage\",\"@id\":\"https:\/\/femexcaballobailador.com\/index.php\/terminos-de-uso\/\",\"url\":\"https:\/\/femexcaballobailador.com\/index.php\/terminos-de-uso\/\",\"name\":\"T\u00e9rminos de Uso - Federaci\u00f3n Mexicana del Caballo Bailador\",\"isPartOf\":{\"@id\":\"https:\/\/femexcaballobailador.com\/#website\"},\"datePublished\":\"2025-09-25T15:52:59+00:00\",\"dateModified\":\"2025-09-25T15:56:56+00:00\",\"breadcrumb\":{\"@id\":\"https:\/\/femexcaballobailador.com\/index.php\/terminos-de-uso\/#breadcrumb\"},\"inLanguage\":\"es\",\"potentialAction\":[{\"@type\":\"ReadAction\",\"target\":[\"https:\/\/femexcaballobailador.com\/index.php\/terminos-de-uso\/\"]}]},{\"@type\":\"BreadcrumbList\",\"@id\":\"https:\/\/femexcaballobailador.com\/index.php\/terminos-de-uso\/#breadcrumb\",\"itemListElement\":[{\"@type\":\"ListItem\",\"position\":1,\"name\":\"Inicio\",\"item\":\"https:\/\/femexcaballobailador.com\/\"},{\"@type\":\"ListItem\",\"position\":2,\"name\":\"T\u00e9rminos de Uso\"}]},{\"@type\":\"WebSite\",\"@id\":\"https:\/\/femexcaballobailador.com\/#website\",\"url\":\"https:\/\/femexcaballobailador.com\/\",\"name\":\"Federaci\u00f3n Mexicana del Caballo Bailador\",\"description\":\"\",\"publisher\":{\"@id\":\"https:\/\/femexcaballobailador.com\/#organization\"},\"potentialAction\":[{\"@type\":\"SearchAction\",\"target\":{\"@type\":\"EntryPoint\",\"urlTemplate\":\"https:\/\/femexcaballobailador.com\/?s={search_term_string}\"},\"query-input\":{\"@type\":\"PropertyValueSpecification\",\"valueRequired\":true,\"valueName\":\"search_term_string\"}}],\"inLanguage\":\"es\"},{\"@type\":\"Organization\",\"@id\":\"https:\/\/femexcaballobailador.com\/#organization\",\"name\":\"Federaci\u00f3n Mexicana del Caballo Bailador\",\"url\":\"https:\/\/femexcaballobailador.com\/\",\"logo\":{\"@type\":\"ImageObject\",\"inLanguage\":\"es\",\"@id\":\"https:\/\/femexcaballobailador.com\/#\/schema\/logo\/image\/\",\"url\":\"https:\/\/femexcaballobailador.com\/wp-content\/uploads\/2025\/09\/logo-FMCB.png\",\"contentUrl\":\"https:\/\/femexcaballobailador.com\/wp-content\/uploads\/2025\/09\/logo-FMCB.png\",\"width\":678,\"height\":720,\"caption\":\"Federaci\u00f3n Mexicana del Caballo Bailador\"},\"image\":{\"@id\":\"https:\/\/femexcaballobailador.com\/#\/schema\/logo\/image\/\"}}]}<\/script>\n<!-- \/ Yoast SEO plugin. -->","yoast_head_json":{"title":"T\u00e9rminos de Uso - Federaci\u00f3n Mexicana del Caballo Bailador","robots":{"index":"index","follow":"follow","max-snippet":"max-snippet:-1","max-image-preview":"max-image-preview:large","max-video-preview":"max-video-preview:-1"},"canonical":"https:\/\/femexcaballobailador.com\/index.php\/terminos-de-uso\/","og_locale":"es_MX","og_type":"article","og_title":"T\u00e9rminos de Uso - Federaci\u00f3n Mexicana del Caballo Bailador","og_description":"T\u00e9rminos de Uso 1. Aceptaci\u00f3nAl acceder a este sitio web, usted acepta estos T\u00e9rminos de Uso y se compromete a cumplir la legislaci\u00f3n aplicable. 2. Propiedad intelectualTodos los contenidos, textos, [&hellip;]","og_url":"https:\/\/femexcaballobailador.com\/index.php\/terminos-de-uso\/","og_site_name":"Federaci\u00f3n Mexicana del Caballo Bailador","article_modified_time":"2025-09-25T15:56:56+00:00","twitter_card":"summary_large_image","twitter_misc":{"Tiempo de lectura":"1 minuto"},"schema":{"@context":"https:\/\/schema.org","@graph":[{"@type":"WebPage","@id":"https:\/\/femexcaballobailador.com\/index.php\/terminos-de-uso\/","url":"https:\/\/femexcaballobailador.com\/index.php\/terminos-de-uso\/","name":"T\u00e9rminos de Uso - Federaci\u00f3n Mexicana del Caballo Bailador","isPartOf":{"@id":"https:\/\/femexcaballobailador.com\/#website"},"datePublished":"2025-09-25T15:52:59+00:00","dateModified":"2025-09-25T15:56:56+00:00","breadcrumb":{"@id":"https:\/\/femexcaballobailador.com\/index.php\/terminos-de-uso\/#breadcrumb"},"inLanguage":"es","potentialAction":[{"@type":"ReadAction","target":["https:\/\/femexcaballobailador.com\/index.php\/terminos-de-uso\/"]}]},{"@type":"BreadcrumbList","@id":"https:\/\/femexcaballobailador.com\/index.php\/terminos-de-uso\/#breadcrumb","itemListElement":[{"@type":"ListItem","position":1,"name":"Inicio","item":"https:\/\/femexcaballobailador.com\/"},{"@type":"ListItem","position":2,"name":"T\u00e9rminos de Uso"}]},{"@type":"WebSite","@id":"https:\/\/femexcaballobailador.com\/#website","url":"https:\/\/femexcaballobailador.com\/","name":"Federaci\u00f3n Mexicana del Caballo Bailador","description":"","publisher":{"@id":"https:\/\/femexcaballobailador.com\/#organization"},"potentialAction":[{"@type":"SearchAction","target":{"@type":"EntryPoint","urlTemplate":"https:\/\/femexcaballobailador.com\/?s={search_term_string}"},"query-input":{"@type":"PropertyValueSpecification","valueRequired":true,"valueName":"search_term_string"}}],"inLanguage":"es"},{"@type":"Organization","@id":"https:\/\/femexcaballobailador.com\/#organization","name":"Federaci\u00f3n Mexicana del Caballo Bailador","url":"https:\/\/femexcaballobailador.com\/","logo":{"@type":"ImageObject","inLanguage":"es","@id":"https:\/\/femexcaballobailador.com\/#\/schema\/logo\/image\/","url":"https:\/\/femexcaballobailador.com\/wp-content\/uploads\/2025\/09\/logo-FMCB.png","contentUrl":"https:\/\/femexcaballobailador.com\/wp-content\/uploads\/2025\/09\/logo-FMCB.png","width":678,"height":720,"caption":"Federaci\u00f3n Mexicana del Caballo Bailador"},"image":{"@id":"https:\/\/femexcaballobailador.com\/#\/schema\/logo\/image\/"}}]}},"_links":{"self":[{"href":"https:\/\/femexcaballobailador.com\/index.php\/wp-json\/wp\/v2\/pages\/312","targetHints":{"allow":["GET"]}}],"collection":[{"href":"https:\/\/femexcaballobailador.com\/index.php\/wp-json\/wp\/v2\/pages"}],"about":[{"href":"https:\/\/femexcaballobailador.com\/index.php\/wp-json\/wp\/v2\/types\/page"}],"author":[{"embeddable":true,"href":"https:\/\/femexcaballobailador.com\/index.php\/wp-json\/wp\/v2\/users\/1"}],"replies":[{"embeddable":true,"href":"https:\/\/femexcaballobailador.com\/index.php\/wp-json\/wp\/v2\/comments?post=312"}],"version-history":[{"count":4,"href":"https:\/\/femexcaballobailador.com\/index.php\/wp-json\/wp\/v2\/pages\/312\/revisions"}],"predecessor-version":[{"id":319,"href":"https:\/\/femexcaballobailador.com\/index.php\/wp-json\/wp\/v2\/pages\/312\/revisions\/319"}],"wp:attachment":[{"href":"https:\/\/femexcaballobailador.com\/index.php\/wp-json\/wp\/v2\/media?parent=312"}],"curies":[{"name":"wp","href":"https:\/\/api.w.org\/{rel}","templated":true}]}}